{"id":1810,"date":"2017-01-27T19:03:35","date_gmt":"2017-01-27T17:03:35","guid":{"rendered":"http:\/\/www.jasiunupagrindine.salcininkai.lm.lt\/?page_id=1810"},"modified":"2021-03-16T19:14:44","modified_gmt":"2021-03-16T17:14:44","slug":"teises-aktai","status":"publish","type":"page","link":"http:\/\/www.jasiunupagrindine.salcininkai.lm.lt\/?page_id=1810","title":{"rendered":"Teis\u0117s aktai"},"content":{"rendered":"<p><span style=\"font-family: 'times new roman', times, serif; color: #000000;\"><a style=\"color: #000000;\" href=\"http:\/\/www.jasiunupagrindine.salcininkai.lm.lt\/wp-content\/uploads\/2020\/01\/LIETUVOS-RESPUBLIKOS-\u0160VIETIMO-\u012eSTATYMAS.doc\">LIETUVOS RESPUBLIKOS \u0160VIETIMO \u012eSTATYMAS<\/a><\/span><\/p>\n<p><span style=\"font-family: 'times new roman', times, serif; color: #000000;\"><a style=\"color: #000000;\" href=\"http:\/\/www.jasiunupagrindine.salcininkai.lm.lt\/wp-content\/uploads\/2021\/03\/Geros-mokyklos-koncepcija.pdf\">Geros-mokyklos-koncepcija<\/a><\/span><\/p>\n<p><span style=\"font-family: 'times new roman', times, serif; color: #000000;\"><a style=\"color: #000000;\" href=\"http:\/\/www.jasiunupagrindine.salcininkai.lm.lt\/wp-content\/uploads\/2021\/03\/D\u0117l-mokyklos-vaiko-gerov\u0117s-komisijos-sudarymo-ir-jos-darbo-organizavimo-tvarkos-apra\u0161o.pdf\">D\u0117l mokyklos vaiko gerov\u0117s komisijos sudarymo ir jos darbo organizavimo tvarkos apra\u0161o<\/a><\/span><\/p>\n<p><span style=\"font-family: 'times new roman', times, serif; color: #000000;\"><a style=\"color: #000000;\" href=\"https:\/\/www.smm.lt\/web\/lt\/pedagogams\/ugdymas\/pradinio-pagrindinio-ir-vidurinio-ugdymo-programu-aprasas\">Pradinio, pagrindinio ir vidurinio ugdymo program\u0173 apra\u0161as<\/a><\/span><\/p>\n<p><span style=\"font-family: 'times new roman', times, serif; color: #000000;\"><a style=\"color: #000000;\" href=\"http:\/\/www.jasiunupagrindine.salcininkai.lm.lt\/wp-content\/uploads\/2021\/03\/LR-Vaiko-minimalios-ir-vidutin\u0117s-prie\u017ei\u016bros-\u012fstatymas.pdf\">LR-Vaiko-minimalios-ir-vidutin\u0117s-prie\u017ei\u016bros-\u012fstatymas<\/a><\/span><\/p>\n<p><span style=\"font-family: 'times new roman', times, serif; color: #000000;\"><a style=\"color: #000000;\" href=\"http:\/\/www.jasiunupagrindine.salcininkai.lm.lt\/wp-content\/uploads\/2021\/03\/maitinimo-aprasas-2018.docx\">maitinimo-aprasas-2018<\/a><\/span><\/p>\n<p><span style=\"font-family: 'times new roman', times, serif; color: #000000;\"><a style=\"color: #000000;\" href=\"http:\/\/www.jasiunupagrindine.salcininkai.lm.lt\/wp-content\/uploads\/2021\/03\/Prie\u0161mokyklinio-ugdymo-bendroji-programa.pdf\">Prie\u0161mokyklinio ugdymo bendroji programa<\/a><\/span><\/p>\n<p><span style=\"font-family: 'times new roman', times, serif; color: #000000;\"><a style=\"color: #000000;\" href=\"http:\/\/www.jasiunupagrindine.salcininkai.lm.lt\/wp-content\/uploads\/2020\/01\/Valstybes-ir-savivaldybiu-istaigu-darbuotoju-darbo-apmokejimo-istatymas-nauja-redakcija-nuo-2020-01-01-1.doc\">Valstybes-ir-savivaldybiu-istaigu-darbuotoju-darbo-apmokejimo-istatymas-nauja-redakcija-nuo-2020-01-01 (1)<\/a>&nbsp;<\/span><\/p>\n","protected":false},"excerpt":{"rendered":"<p>LIETUVOS RESPUBLIKOS \u0160VIETIMO \u012eSTATYMAS Geros-mokyklos-koncepcija D\u0117l mokyklos vaiko gerov\u0117s komisijos sudarymo ir jos darbo organizavimo tvarkos apra\u0161o Pradinio, pagrindinio ir vidurinio ugdymo program\u0173 apra\u0161as LR-Vaiko-minimalios-ir-vidutin\u0117s-prie\u017ei\u016bros-\u012fstatymas maitinimo-aprasas-2018 Prie\u0161mokyklinio ugdymo bendroji programa Valstybes-ir-savivaldybiu-istaigu-darbuotoju-darbo-apmokejimo-istatymas-nauja-redakcija-nuo-2020-01-01 (1)&nbsp;<\/p>\n","protected":false},"author":6,"featured_media":0,"parent":0,"menu_order":0,"comment_status":"closed","ping_status":"closed","template":"","meta":{"ngg_post_thumbnail":0,"footnotes":""},"class_list":["post-1810","page","type-page","status-publish","hentry"],"_links":{"self":[{"href":"http:\/\/www.jasiunupagrindine.salcininkai.lm.lt\/index.php?rest_route=\/wp\/v2\/pages\/1810","targetHints":{"allow":["GET"]}}],"collection":[{"href":"http:\/\/www.jasiunupagrindine.salcininkai.lm.lt\/index.php?rest_route=\/wp\/v2\/pages"}],"about":[{"href":"http:\/\/www.jasiunupagrindine.salcininkai.lm.lt\/index.php?rest_route=\/wp\/v2\/types\/page"}],"author":[{"embeddable":true,"href":"http:\/\/www.jasiunupagrindine.salcininkai.lm.lt\/index.php?rest_route=\/wp\/v2\/users\/6"}],"replies":[{"embeddable":true,"href":"http:\/\/www.jasiunupagrindine.salcininkai.lm.lt\/index.php?rest_route=%2Fwp%2Fv2%2Fcomments&post=1810"}],"version-history":[{"count":4,"href":"http:\/\/www.jasiunupagrindine.salcininkai.lm.lt\/index.php?rest_route=\/wp\/v2\/pages\/1810\/revisions"}],"predecessor-version":[{"id":10740,"href":"http:\/\/www.jasiunupagrindine.salcininkai.lm.lt\/index.php?rest_route=\/wp\/v2\/pages\/1810\/revisions\/10740"}],"wp:attachment":[{"href":"http:\/\/www.jasiunupagrindine.salcininkai.lm.lt\/index.php?rest_route=%2Fwp%2Fv2%2Fmedia&parent=1810"}],"curies":[{"name":"wp","href":"https:\/\/api.w.org\/{rel}","templated":true}]}}