{"id":2014,"date":"2017-02-03T08:07:26","date_gmt":"2017-02-03T06:07:26","guid":{"rendered":"http:\/\/www.jasiunupagrindine.salcininkai.lm.lt\/?page_id=2014"},"modified":"2025-10-26T07:30:32","modified_gmt":"2025-10-26T05:30:32","slug":"mokiniu-elgesio-taisykles","status":"publish","type":"page","link":"http:\/\/www.jasiunupagrindine.salcininkai.lm.lt\/?page_id=2014","title":{"rendered":"Mokini\u0173 elgesio taisykl\u0117s"},"content":{"rendered":"<p><a href=\"http:\/\/www.jasiunupagrindine.salcininkai.lm.lt\/wp-content\/uploads\/2023\/05\/mokiniu-elgesio-taisykles-1-1.doc\">mokiniu-elgesio-taisykles <\/a><\/p>\n<p><a href=\"http:\/\/www.jasiunupagrindine.salcininkai.lm.lt\/wp-content\/uploads\/2017\/11\/PAMOK\u0172-NELANKYMO-IR-V\u0116LAVIM\u0172-\u012e-PAMOKAS-PREVENCIJOS-TVARKA.doc\">pamoku-nelankymo-ir-velavimu-i-pamokas-prevencijos-tvarka<\/a><\/p>\n<p><a href=\"http:\/\/www.jasiunupagrindine.salcininkai.lm.lt\/wp-content\/uploads\/2017\/11\/LANKOMUMO-U\u017dTIKRINIMO-SUTARTUS.pdf\">lankomumo-uztikrinimo-sutartis<\/a><\/p>\n<p><a href=\"http:\/\/www.jasiunupagrindine.salcininkai.lm.lt\/wp-content\/uploads\/2017\/11\/DRAUSM\u0116S-PA\u017dEIDIMO-PA\u017dYMA.pdf\">drausmes-pazeidimo-pazyma<\/a><\/p>\n<p><a href=\"http:\/\/www.jasiunupagrindine.salcininkai.lm.lt\/wp-content\/uploads\/2017\/02\/SAUGAUS-ELGESIO-PAMOKA.pdf\">saugaus-elgesio-pamoka<\/a><\/p>\n","protected":false},"excerpt":{"rendered":"<p>mokiniu-elgesio-taisykles pamoku-nelankymo-ir-velavimu-i-pamokas-prevencijos-tvarka lankomumo-uztikrinimo-sutartis drausmes-pazeidimo-pazyma saugaus-elgesio-pamoka<\/p>\n","protected":false},"author":6,"featured_media":0,"parent":0,"menu_order":0,"comment_status":"closed","ping_status":"closed","template":"","meta":{"ngg_post_thumbnail":0,"footnotes":""},"class_list":["post-2014","page","type-page","status-publish","hentry"],"_links":{"self":[{"href":"http:\/\/www.jasiunupagrindine.salcininkai.lm.lt\/index.php?rest_route=\/wp\/v2\/pages\/2014","targetHints":{"allow":["GET"]}}],"collection":[{"href":"http:\/\/www.jasiunupagrindine.salcininkai.lm.lt\/index.php?rest_route=\/wp\/v2\/pages"}],"about":[{"href":"http:\/\/www.jasiunupagrindine.salcininkai.lm.lt\/index.php?rest_route=\/wp\/v2\/types\/page"}],"author":[{"embeddable":true,"href":"http:\/\/www.jasiunupagrindine.salcininkai.lm.lt\/index.php?rest_route=\/wp\/v2\/users\/6"}],"replies":[{"embeddable":true,"href":"http:\/\/www.jasiunupagrindine.salcininkai.lm.lt\/index.php?rest_route=%2Fwp%2Fv2%2Fcomments&post=2014"}],"version-history":[{"count":7,"href":"http:\/\/www.jasiunupagrindine.salcininkai.lm.lt\/index.php?rest_route=\/wp\/v2\/pages\/2014\/revisions"}],"predecessor-version":[{"id":23172,"href":"http:\/\/www.jasiunupagrindine.salcininkai.lm.lt\/index.php?rest_route=\/wp\/v2\/pages\/2014\/revisions\/23172"}],"wp:attachment":[{"href":"http:\/\/www.jasiunupagrindine.salcininkai.lm.lt\/index.php?rest_route=%2Fwp%2Fv2%2Fmedia&parent=2014"}],"curies":[{"name":"wp","href":"https:\/\/api.w.org\/{rel}","templated":true}]}}