{"id":2027,"date":"2017-02-03T08:16:00","date_gmt":"2017-02-03T06:16:00","guid":{"rendered":"http:\/\/www.jasiunupagrindine.salcininkai.lm.lt\/?page_id=2027"},"modified":"2026-04-09T09:01:08","modified_gmt":"2026-04-09T06:01:08","slug":"direktoriaus-metu-veiklos-ataskaitos","status":"publish","type":"page","link":"http:\/\/www.jasiunupagrindine.salcininkai.lm.lt\/?page_id=2027","title":{"rendered":"DIREKTORIAUS MET\u0172 VEIKLOS ATASKAITOS"},"content":{"rendered":"<p><span style=\"color: #000000;\"><a style=\"color: #000000;\" href=\"http:\/\/www.jasiunupagrindine.salcininkai.lm.lt\/wp-content\/uploads\/2026\/04\/Jasiunu-pagrindine-mokykla-4.pdf\">Ja\u0161i\u016bn\u0173 pagrindin\u0117s mokyklos vadovo 2025 m. veiklos ataskaita,<\/a><a style=\"color: #000000;\" href=\"http:\/\/www.jasiunupagrindine.salcininkai.lm.lt\/wp-content\/uploads\/2026\/04\/NR.-MPV-2.1-E-147-2026-02-25-DEL-SALCININKU-RAJONO-SAVIVALDYBES-SVIETIMO-IR-PED.-14-PRIEDAS.doc\">Ja\u0161i\u016bn\u0173 pagrindin\u0117s mokyklos vadovo 2026 m. veiklos l\u016bkes\u010diai<\/a><\/span><\/p>\n<p><a href=\"https:\/\/salcininkai.lt\/doclib\/6fxvocjm7hkrk9au1t8t4s2x754qeszj\"><span style=\"color: #000000;\">Ja\u0161i\u016bn\u0173 pagrindin\u0117s mokyklos vadovo 2024 m. veiklos ataskaita, <\/span><\/a><a href=\"https:\/\/aktai.salcininkai.lt\/document\/66999\"><span style=\"text-decoration: underline;\"><span style=\"color: #000000; text-decoration: underline;\">Ja\u0161i\u016bn\u0173 pagrindin\u0117s mokyklos vadovo 2025 m. veiklos l\u016bkes\u010diai<\/span><\/span><\/a><\/p>\n<p><span style=\"color: #000000;\"><a style=\"color: #000000;\" href=\"http:\/\/www.jasiunupagrindine.salcininkai.lm.lt\/wp-content\/uploads\/2024\/03\/Ja\u0161i\u016bn\u0173-pagrindin\u0117-mokykla-2.pdf\">Ja\u0161i\u016bn\u0173 pagrindin\u0117s mokyklos vadovo 2023 m. veiklos ataskaita<\/a>, <a style=\"color: #000000;\" href=\"http:\/\/www.jasiunupagrindine.salcininkai.lm.lt\/wp-content\/uploads\/2024\/03\/7235ca98-16eb-471c-b8fe-2638b2976e08-1.doc\">Ja\u0161i\u016bn\u0173 pagrindin\u0117s mokyklos vadovo 2024 m. veiklos l\u016bkes\u010diai<\/a><\/span><\/p>\n<p><span style=\"color: #000000;\"><a style=\"color: #000000;\" href=\"http:\/\/www.jasiunupagrindine.salcininkai.lm.lt\/wp-content\/uploads\/2024\/01\/Ja\u0161i\u016bn\u0173-pagrindin\u0117-mokykla-1.pdf\">Ja\u0161i\u016bn\u0173 pagrindin\u0117s mokyklos vadovo 2022 m. veiklos ataskaita<\/a><\/span><\/p>\n<p><span style=\"color: #000000;\"><a style=\"color: #000000;\" href=\"http:\/\/www.jasiunupagrindine.salcininkai.lm.lt\/wp-content\/uploads\/2024\/06\/Ja\u0161i\u016bn\u0173-pagrindin\u0117-mokykla.pdf\">Ja\u0161i\u016bn\u0173 pagrindin\u0117s mokyklos vadovo 2021 m. veiklos ataskaita<\/a><\/span><\/p>\n<p><span style=\"color: #000000;\"><a style=\"color: #000000;\" href=\"http:\/\/www.jasiunupagrindine.salcininkai.lm.lt\/wp-content\/uploads\/2021\/03\/Ja\u0161i\u016bn\u0173-pagrindin\u0117-mokykla-22021.pdf\">Ja\u0161i\u016bn\u0173 pagrindin\u0117s mokyklos vadovo 2020 m. veiklos ataskaita ir 2021 m. veiklos u\u017eduotys<\/a><\/span><\/p>\n<p><span style=\"color: #000000;\"><a style=\"color: #000000;\" href=\"http:\/\/www.jasiunupagrindine.salcininkai.lm.lt\/wp-content\/uploads\/2019\/04\/Ja\u0161i\u016bn\u0173pagrindin\u0117smokyklosdirektor\u0117s2019m.u\u017eduotys-1.pdf\">Ja\u0161i\u016bn\u0173pagrindin\u0117smokyklosdirektor\u0117s2019m.u\u017eduotys<\/a><\/span><\/p>\n<p><span style=\"color: #000000;\"><a style=\"color: #000000;\" href=\"http:\/\/www.jasiunupagrindine.salcininkai.lm.lt\/wp-content\/uploads\/2020\/03\/jasiunu-pagr..pdf\">Vadovo 2019 m. veiklos ataskaita ir 2020 m. veiklos u\u017eduotys<\/a><\/span><\/p>\n\n\n\n\n\n","protected":false},"excerpt":{"rendered":"<p>Ja\u0161i\u016bn\u0173 pagrindin\u0117s mokyklos vadovo 2025 m. veiklos ataskaita,Ja\u0161i\u016bn\u0173 pagrindin\u0117s mokyklos vadovo 2026 m. veiklos l\u016bkes\u010diai Ja\u0161i\u016bn\u0173 pagrindin\u0117s mokyklos vadovo 2024 m. veiklos ataskaita, Ja\u0161i\u016bn\u0173 pagrindin\u0117s mokyklos vadovo 2025 m. veiklos l\u016bkes\u010diai Ja\u0161i\u016bn\u0173 pagrindin\u0117s mokyklos vadovo 2023 m. veiklos ataskaita, Ja\u0161i\u016bn\u0173 &hellip; <a href=\"http:\/\/www.jasiunupagrindine.salcininkai.lm.lt\/?page_id=2027\">Skaitykite toliau <span class=\"meta-nav\">&rarr;<\/span><\/a><\/p>\n","protected":false},"author":6,"featured_media":0,"parent":0,"menu_order":0,"comment_status":"closed","ping_status":"closed","template":"","meta":{"ngg_post_thumbnail":0,"footnotes":""},"class_list":["post-2027","page","type-page","status-publish","hentry"],"_links":{"self":[{"href":"http:\/\/www.jasiunupagrindine.salcininkai.lm.lt\/index.php?rest_route=\/wp\/v2\/pages\/2027","targetHints":{"allow":["GET"]}}],"collection":[{"href":"http:\/\/www.jasiunupagrindine.salcininkai.lm.lt\/index.php?rest_route=\/wp\/v2\/pages"}],"about":[{"href":"http:\/\/www.jasiunupagrindine.salcininkai.lm.lt\/index.php?rest_route=\/wp\/v2\/types\/page"}],"author":[{"embeddable":true,"href":"http:\/\/www.jasiunupagrindine.salcininkai.lm.lt\/index.php?rest_route=\/wp\/v2\/users\/6"}],"replies":[{"embeddable":true,"href":"http:\/\/www.jasiunupagrindine.salcininkai.lm.lt\/index.php?rest_route=%2Fwp%2Fv2%2Fcomments&post=2027"}],"version-history":[{"count":33,"href":"http:\/\/www.jasiunupagrindine.salcininkai.lm.lt\/index.php?rest_route=\/wp\/v2\/pages\/2027\/revisions"}],"predecessor-version":[{"id":24314,"href":"http:\/\/www.jasiunupagrindine.salcininkai.lm.lt\/index.php?rest_route=\/wp\/v2\/pages\/2027\/revisions\/24314"}],"wp:attachment":[{"href":"http:\/\/www.jasiunupagrindine.salcininkai.lm.lt\/index.php?rest_route=%2Fwp%2Fv2%2Fmedia&parent=2027"}],"curies":[{"name":"wp","href":"https:\/\/api.w.org\/{rel}","templated":true}]}}