{"id":57,"date":"2015-05-12T14:04:27","date_gmt":"2015-05-12T11:04:27","guid":{"rendered":"http:\/\/www.jasiunupagrindine.salcininkai.lm.lt\/?page_id=57"},"modified":"2015-05-12T14:04:27","modified_gmt":"2015-05-12T11:04:27","slug":"istorija","status":"publish","type":"page","link":"http:\/\/www.jasiunupagrindine.salcininkai.lm.lt\/?page_id=57","title":{"rendered":"Istorija"},"content":{"rendered":"<p>Ja\u0161i\u016bn\u0173 mokyklos oficialia atidarymo data laikoma\u00a01900\u00a0m. rugs\u0117jo\u00a014\u00a0d. (rugs\u0117jo 01 d. pagal sen\u0105j\u012f kalendori\u0173).<br \/>\nMokykla buvo \u012fkurta ir tris metus veik\u0117 Ja\u0161i\u016bn\u0173 gyventojo Ivano Nakrevi\u010dio namuose. Valstybiniame Centriniame Istoriniame Archyve Vilniuje yra i\u0161saugota sutarties kopija, pasira\u0161yta \u0160al\u010dinink\u0173 (Sole\u010dnik\u0173) valdybos su nam\u0173 \u0161eimininku d\u0117l patalp\u0173 nuomos mokyklai. Sutartis buvo pasira\u0161yta seni\u016bno O. Rodzevi\u010diaus, sekretoriaus Rodivono ir nam\u0173 \u0161eimininko I. Nakrevi\u010diaus.<br \/>\nJa\u0161i\u016bn\u0173 liaudies mokyklos nuo\u00a01900\u00a0m. rugs\u0117jo\u00a008\u00a0d. pirm\u0105ja mokytoja buvo Jekaterina Rodzevi\u010d, gimusi\u00a01880\u00a0m. \u017demaitijoje, kur jos t\u0117vas tuomet dirbo mokytoju.<br \/>\nPo J. Rodzevi\u010d mirties Ja\u0161i\u016bn\u0173 liaudies mokyklos mokytoja buvo paskirta Jevgenija Vladimirskaja. I\u0161 jo darb\u0173 rezultat\u0173 galima spr\u0119sti, kad ji buvo patyrusi pedagog\u0117.<br \/>\nReik\u0117t\u0173 pa\u017eym\u0117ti, kad Ja\u0161i\u016bn\u0173 mokykla nuo savo egzistavimo prad\u017eios buvo daugiakalb\u0117. 1911 m. prad\u017eioje buvo apie 50 % baltarusi\u0173, apie 28 % &#8211; lenk\u0173, apie 25 % &#8211; \u017eyd\u0173, rus\u0173 \u2013 8 \u2013 9 %.<br \/>\nI pasaulinio karo metu (1915-1918) ir vokie\u010di\u0173 okupacijos metu, Ja\u0161i\u016bn\u0173 mokykla neveik\u0117. Jeigu tais metais ir buvo koks vaik\u0173 mokymas, tai jis buvo privatus.<br \/>\n1918\u00a0m. pabaigoje vokie\u010di\u0173 okupantai paliko Vilniaus kra\u0161t\u0105 ir Vilniuje buvo paskelbta Soviet\u0173 vald\u017eia Lietuvoje.\u00a01919\u00a0m. kovo 24 d. Tarybin\u0117s Lietuvos valdybos buvo i\u0161leistas dekretas d\u0117l mokykl\u0173 reorganizacijos, kuriuo remiantis buvo \u012fvestas privalomas vaik\u0173 mokymas nuo 8 iki 17 met\u0173. Bet n\u0117ra joki\u0173 duomen\u0173 apie Ja\u0161i\u016bn\u0173 mokykl\u0105 Taryb\u0173 S\u0105jungos valdymo metais (1918 &#8211; 1919).<br \/>\n1919 &#8211; 1920\u00a0m.m. Ja\u0161i\u016bnuose buvo dvi lenk\u0173 mokyklos: viena prie\u0161kariniame pastate Ja\u0161i\u016bnuose ir antra Ja\u0161i\u016bn\u0173 valdose.<br \/>\nNuo\u00a01923\u00a0m. sausio 01 d. Ja\u0161i\u016bn\u0173 pradin\u0117s mokyklos mokytoja (su 30 valand\u0173 kr\u016bviu per savait\u0119) buvo Amelija Sejfertova.<br \/>\n1923 &#8211; 1926\u00a0m. klas\u0117je, esan\u010dioje valdose, mok\u0117si apie 15-20 mokini\u0173. Ja\u0161i\u016bnuose\u00a01926 &#8211; 1928\u00a0m. buvo 35 &#8211; 40 mokini\u0173.<br \/>\n1926\u00a0m. pavasar\u012f tre\u010dios mokytojos paskyrimas rei\u0161k\u0117, kad nuo to laiko mokykla tapo trij\u0173 klasi\u0173: Ja\u0161i\u016bnuose (mokyklos centre) buvo dvi klas\u0117s, su kuriomis dirbo A. Sejfertova ir F. Pa\u0161kovska, ir viena klas\u0117 \u2013 valdose, kur dirbo nauja mokytoja D.\u0160ukevi\u010duvna.<br \/>\nApie\u00a01930\u00a0m. Vilniaus apskrityje buvo privalomas pradinis mokymas. Matyt d\u0117l to nuo\u00a01930\u00a0m. rugpj\u016b\u010dio 01 d. Ja\u0161i\u016bn\u0173 mokyklos ved\u0117ju buvo paskirtas Valkinink\u0173 mokyklos mokytojas Michail Novak.\u00a01936-1937\u00a0m.m. mokykloje dirbo: M. Novak(ved\u0117jas), A. Sejfertova, A. Podgaiska, J. Boguslavska.<br \/>\n1939\u00a0m. rugs\u0117jo 01 d. antro pasaulinio karo dien\u0105 \u2013 Ja\u0161i\u016bn\u0173 mokykloje pamok\u0173 nevyko, nes mokytojai negr\u012f\u017eo i\u0161 vasaros atostog\u0173.<br \/>\nMokykla fakti\u0161kai prad\u0117jo veikti lapkri\u010dio antroje pus\u0117je. Tai ir buvo nauj\u0173\u00a01939 &#8211; 1940\u00a0m.m. prad\u017eia. Mokykloje buvo I-VI skyriai. Mokymas vyko lietuvi\u0173 kalba, bet kaip dalykas visuose skyriuose buvo d\u0117stoma ir lenk\u0173 kalba.<br \/>\n1939 &#8211; 1940\u00a0m.m. Ja\u0161i\u016bn\u0173 pradin\u0117 mokykla buvo II laipsnio. Buvo 3 klasi\u0173 komplektai. \u0160iais mokslo metais mokykloje mok\u0117si apie 100 mokini\u0173.<br \/>\n1940 &#8211; 1941\u00a0m.m. mokymas mokykloje vyko lenk\u0173 kalba, o lietuvi\u0173 ir rus\u0173 kalbos buvo d\u0117stomos kaip dalykai.<br \/>\n1940 &#8211; 1941\u00a0m.m. Ja\u0161i\u016bn\u0173 mokykla buvo organizuotu mokymo centru nera\u0161ting\u0173 ir ma\u017eai ra\u0161ting\u0173 suaugusi\u0173 \u017emoni\u0173.<br \/>\nNuo\u00a01947\u00a0m. rugs\u0117jo 01 d. mokykloje buvo organizuota 5 klas\u0117, ir ji tapo gimnazija.<br \/>\n1947\u00a0m. buvo prad\u0117tos statybos antrojo mokymo pastato, jos vyko dvejus metus.<br \/>\n1948 &#8211; 1949\u00a0m. prad\u017eioje visose klas\u0117se pamokos buvo d\u0117stomos rus\u0173 kalba.<br \/>\n1950\u00a0m. pavasar\u012f pirmoje, septynmet\u0117s mokyklos, baigian\u010dioje klas\u0117je buvo apie 10 \u017emoni\u0173.<br \/>\nNuo\u00a01950 &#8211; 1951\u00a0m.m. prad\u017eios mokykloje dirbo Ana Blinova (Merkviladz\u0117), gimusi 1920 m.<br \/>\n1953 &#8211; 1954\u00a0m.m. prad\u017eioje mokyklos strukt\u016brose \u012fvyko pakitimai: buvo atidaryta VIII klas\u0117 ir moksleivi\u0173 internatas.<br \/>\nNuo\u00a01954\u00a0m. rugs\u0117jo 01 d. Ja\u0161i\u016bn\u0173 septynmet\u0117 mokykla tapo vidurine mokykla.\u00a01954 &#8211; 1955\u00a0m.m. joje buvo 14 klasi\u0173 komplekt\u0173: 6 pradin\u0117s klas\u0117s ir 8 vyresni\u0173 klasi\u0173. Mokykloje buvo apie 300 mokini\u0173.<br \/>\n1958\u00a0m. pavasar\u012f vis\u0105 vidurin\u0117s mokyklos kurs\u0105 baig\u0117 13 abiturient\u0173.<br \/>\n1958 &#8211; 1959\u00a0m.m. prad\u017eioje mokykloje buvo 316 mokini\u0173.<br \/>\n1960 &#8211; 1961\u00a0m.m. visose pradin\u0117se klas\u0117se buvo d\u0117stoma rus\u0173, lenk\u0173 ir lietuvi\u0173 kalbomis.<br \/>\n1964 &#8211; 1965\u00a0m.m. mokykla prad\u0117jo dirbti naujame pastate, kurio statybos vyko dvejus metus. Naujame pastate buvo 15 kabinet\u0173, mokytoj\u0173 kambarys ir direktoriaus kabinetas. Kiti kabinetai, kuri\u0173\u00a01964\u00a0m. rugs\u0117jo 01 d. dar buvo 5, buvo sename mokyklos pastate.<br \/>\n1968 &#8211; 1969\u00a0m.m. pabaigoje mokykloje buvo 449 mokini\u0173. Kitais,\u00a01969 &#8211; 1970\u00a0m.m. mokini\u0173 skai\u010dius mokykloje padid\u0117jo iki 470 \u017emoni\u0173.\\<br \/>\n1971\u00a0m. pavasar\u012f mokykla i\u0161leido 15 abiturient\u0173.\u00a01972\u00a0m. pavasar\u012f vis\u0105 vidurin\u012f mokyklos kurs\u0105 baig\u0117 21 mokinys.<br \/>\n1972 &#8211; 1973\u00a0m. m. mokini\u0173 skai\u010dius padid\u0117jo iki 522 \u017emoni\u0173. Ja\u0161i\u016bn\u0173 vidurin\u0119 mokykl\u0105 prad\u0117jo lankyti net kai kurie vaikai i\u0161 kit\u0173 mokykl\u0173 mikrorajon\u0173.<br \/>\n1976\u00a0m. pastatytas pirmas 8-i\u0173 but\u0173 Ja\u0161i\u016bn\u0173 mokyklos mokytoj\u0173 namai.<br \/>\nPradedant nuo\u00a01979 &#8211; 1980\u00a0m. m. mokykloje prad\u0117jo \u017eymiai ma\u017e\u0117ti bendras mokini\u0173 skai\u010dius. Pirma, tai gimstamumo suma\u017e\u0117jimas, antra, \u012ftakos tur\u0117jo mokini\u0173 skai\u010diaus suma\u017e\u0117jimas vyr. klas\u0117se d\u0117l profesionalin\u0117s orientacijos 8 klasi\u0173.<br \/>\nIki\u00a01981\u00a0m. rugs\u0117jo 01 d. buvo baigtos naujo, trij\u0173 auk\u0161t\u0173 pastato statybos, ir mokykla nuo to laiko prad\u0117jo dirbti viena pamaina. Pirm\u0105kart Ja\u0161i\u016bn\u0173 mokyklos istorijoje buvo sudarytos ir mokytojams ir mokiniams s\u0105lygos mokytis ir mokyti, sportuoti, mokytis meno ir pan.<br \/>\nNuo\u00a01992\u00a0m. Ja\u0161i\u016bn\u0173 vidurin\u0117 mokykla buvo reorganizuota. \u012ekurta atskira Ja\u0161i\u016bn\u0173 1-oji vidurin\u0117 mokykla su d\u0117stoma rus\u0173 kalba, kurios direktore tapo Liudmila Aleksandrovna Novosiolova-Zacharova ir jos pavaduotoja Marija Ivanovna Siliuk. Dabar mokykloje yra informacini\u0173 technologij\u0173 kabinetas, biblioteka, veikia istorijos &#8211; etnografinis muziejus, kuris yra \u012ftrauktas \u012f Lietuvos mokyklini\u0173 muziej\u0173 katalog\u0105. Mokykloje yra sporto sal\u0117, akt\u0173 sal\u0117. Taip pat mokykla mini valstybines (Sausio 13-oji, Vasario 16-oji, Kovo \u2013 11) ir tradicines mokyklines \u0161ventes: U\u017egav\u0117nes, abiturient\u0173 vakaras, Seneli\u0173 \u0161vent\u0117, \u0160eimos \u0161vent\u0117. Mokykla dalyvauja \u012fv. projektuose.<\/p>\n","protected":false},"excerpt":{"rendered":"<p>Ja\u0161i\u016bn\u0173 mokyklos oficialia atidarymo data laikoma\u00a01900\u00a0m. rugs\u0117jo\u00a014\u00a0d. (rugs\u0117jo 01 d. pagal sen\u0105j\u012f kalendori\u0173). Mokykla buvo \u012fkurta ir tris metus veik\u0117 Ja\u0161i\u016bn\u0173 gyventojo Ivano Nakrevi\u010dio namuose. Valstybiniame Centriniame Istoriniame Archyve Vilniuje yra i\u0161saugota sutarties kopija, pasira\u0161yta \u0160al\u010dinink\u0173 (Sole\u010dnik\u0173) valdybos su nam\u0173 &hellip; <a href=\"http:\/\/www.jasiunupagrindine.salcininkai.lm.lt\/?page_id=57\">Skaitykite toliau <span class=\"meta-nav\">&rarr;<\/span><\/a><\/p>\n","protected":false},"author":6,"featured_media":0,"parent":0,"menu_order":0,"comment_status":"open","ping_status":"open","template":"","meta":{"ngg_post_thumbnail":0,"footnotes":""},"class_list":["post-57","page","type-page","status-publish","hentry"],"_links":{"self":[{"href":"http:\/\/www.jasiunupagrindine.salcininkai.lm.lt\/index.php?rest_route=\/wp\/v2\/pages\/57","targetHints":{"allow":["GET"]}}],"collection":[{"href":"http:\/\/www.jasiunupagrindine.salcininkai.lm.lt\/index.php?rest_route=\/wp\/v2\/pages"}],"about":[{"href":"http:\/\/www.jasiunupagrindine.salcininkai.lm.lt\/index.php?rest_route=\/wp\/v2\/types\/page"}],"author":[{"embeddable":true,"href":"http:\/\/www.jasiunupagrindine.salcininkai.lm.lt\/index.php?rest_route=\/wp\/v2\/users\/6"}],"replies":[{"embeddable":true,"href":"http:\/\/www.jasiunupagrindine.salcininkai.lm.lt\/index.php?rest_route=%2Fwp%2Fv2%2Fcomments&post=57"}],"version-history":[{"count":2,"href":"http:\/\/www.jasiunupagrindine.salcininkai.lm.lt\/index.php?rest_route=\/wp\/v2\/pages\/57\/revisions"}],"predecessor-version":[{"id":59,"href":"http:\/\/www.jasiunupagrindine.salcininkai.lm.lt\/index.php?rest_route=\/wp\/v2\/pages\/57\/revisions\/59"}],"wp:attachment":[{"href":"http:\/\/www.jasiunupagrindine.salcininkai.lm.lt\/index.php?rest_route=%2Fwp%2Fv2%2Fmedia&parent=57"}],"curies":[{"name":"wp","href":"https:\/\/api.w.org\/{rel}","templated":true}]}}