{"id":9871,"date":"2020-11-16T17:46:27","date_gmt":"2020-11-16T15:46:27","guid":{"rendered":"http:\/\/www.jasiunupagrindine.salcininkai.lm.lt\/?page_id=9871"},"modified":"2025-11-02T08:13:43","modified_gmt":"2025-11-02T06:13:43","slug":"psichologas","status":"publish","type":"page","link":"http:\/\/www.jasiunupagrindine.salcininkai.lm.lt\/?page_id=9871","title":{"rendered":"Psichologas"},"content":{"rendered":"<p><span style=\"font-family: 'times new roman', times, serif; font-size: 12pt;\">Psicholog\u0117 OksanaRympo<img loading=\"lazy\" decoding=\"async\" class=\"wp-image-10074 alignleft\" src=\"http:\/\/www.jasiunupagrindine.salcininkai.lm.lt\/wp-content\/uploads\/2020\/12\/IMG_20200413_122432-e1600370504234-259x300.jpg\" alt=\"\" width=\"102\" height=\"118\"><\/span><\/p>\n<p><span style=\"font-family: 'times new roman', times, serif; font-size: 12pt;\">Kontaktinio darbo laikas: pirmadieniais 8.00-13.45.<\/span><\/p>\n<p><span style=\"font-family: 'times new roman', times, serif; font-size: 12pt;\">D\u0117l individualaus konsultacijos laiko kvie\u010diu susisiekti t<\/span><span style=\"font-family: 'times new roman', times, serif; font-size: 12pt;\">elefonu 060882379, <\/span><span style=\"font-family: 'times new roman', times, serif; font-size: 12pt;\">El.p. <a href=\"mailto:juliea333@gmail.com\">oksanarympo@gmail.com<\/a><\/span><\/p>\n<p><span style=\"font-family: 'times new roman', times, serif; font-size: 12pt;\"><strong>Psichologin\u0117 pagalba mokykloje teikiama, kai:<\/strong><\/span><\/p>\n<ul>\n<li><span style=\"font-family: 'times new roman', times, serif; font-size: 12pt;\">mokinys \u012f psicholog\u0105 kreipiasi savaranki\u0161kai (t\u0117v\u0173 ra\u0161ti\u0161kas sutikimas d\u0117l psichologin\u0117s pagalbos teikimo reikalingas mokiniams iki 16 met\u0173);<\/span><\/li>\n<li><span style=\"font-family: 'times new roman', times, serif; font-size: 12pt;\">\u012f psicholog\u0105 kreipiasi mokinio t\u0117vai (glob\u0117jai);<\/span><\/li>\n<li><span style=\"font-family: 'times new roman', times, serif; font-size: 12pt;\">kreipiasi mokytojai, gav\u0119 mokinio t\u0117v\u0173 (glob\u0117j\u0173) sutikim\u0105;<\/span><\/li>\n<li><span style=\"font-family: 'times new roman', times, serif; font-size: 12pt;\">Vaiko teisi\u0173 apsaugos tarnyba.<\/span><\/li>\n<\/ul>\n<p><span style=\"font-family: 'times new roman', times, serif; font-size: 12pt;\">Svarbu: informacija apie psichologin\u0117s pagalbos gav\u0117j\u0105, jo problemos turin\u012f ir teikt\u0105 psichologin\u0119 pagalb\u0105 yra konfidenciali!<\/span><\/p>\n<p><span style=\"font-family: 'times new roman', times, serif; font-size: 12pt;\">Naudinga COVID-19 informacija:<\/span><\/p>\n<p><span style=\"font-family: 'times new roman', times, serif; font-size: 12pt;\"><a href=\"http:\/\/www.jasiunupagrindine.salcininkai.lm.lt\/wp-content\/uploads\/2020\/12\/Mano-herojus-tai-tu.pdf\">Mano herojus &#8211; tai tu<\/a><\/span><\/p>\n<p><img loading=\"lazy\" decoding=\"async\" class=\"alignnone size-medium wp-image-10085\" src=\"http:\/\/www.jasiunupagrindine.salcininkai.lm.lt\/wp-content\/uploads\/2020\/12\/Kaip_kalbti_page-0001-212x300.jpg\" alt=\"\" width=\"212\" height=\"300\" srcset=\"http:\/\/www.jasiunupagrindine.salcininkai.lm.lt\/wp-content\/uploads\/2020\/12\/Kaip_kalbti_page-0001-212x300.jpg 212w, http:\/\/www.jasiunupagrindine.salcininkai.lm.lt\/wp-content\/uploads\/2020\/12\/Kaip_kalbti_page-0001-106x150.jpg 106w, http:\/\/www.jasiunupagrindine.salcininkai.lm.lt\/wp-content\/uploads\/2020\/12\/Kaip_kalbti_page-0001-768x1085.jpg 768w, http:\/\/www.jasiunupagrindine.salcininkai.lm.lt\/wp-content\/uploads\/2020\/12\/Kaip_kalbti_page-0001-725x1024.jpg 725w, http:\/\/www.jasiunupagrindine.salcininkai.lm.lt\/wp-content\/uploads\/2020\/12\/Kaip_kalbti_page-0001-624x882.jpg 624w, http:\/\/www.jasiunupagrindine.salcininkai.lm.lt\/wp-content\/uploads\/2020\/12\/Kaip_kalbti_page-0001.jpg 1241w\" sizes=\"auto, (max-width: 212px) 100vw, 212px\" \/><\/p>\n<h2><span style=\"color: #000000;\"><a style=\"color: #000000;\" href=\"http:\/\/www.jasiunupagrindine.salcininkai.lm.lt\/wp-content\/uploads\/2025\/11\/20251031135740.pdf\">Psichologo darbo grafikas<\/a><\/span><\/h2>\n<p>&nbsp;<\/p>\n\n\n\n\n<ul>\n<li>&nbsp;<\/li>\n<\/ul>\n","protected":false},"excerpt":{"rendered":"<p>Psicholog\u0117 OksanaRympo Kontaktinio darbo laikas: pirmadieniais 8.00-13.45. D\u0117l individualaus konsultacijos laiko kvie\u010diu susisiekti telefonu 060882379, El.p. oksanarympo@gmail.com Psichologin\u0117 pagalba mokykloje teikiama, kai: mokinys \u012f psicholog\u0105 kreipiasi savaranki\u0161kai (t\u0117v\u0173 ra\u0161ti\u0161kas sutikimas d\u0117l psichologin\u0117s pagalbos teikimo reikalingas mokiniams iki 16 met\u0173); \u012f &hellip; <a href=\"http:\/\/www.jasiunupagrindine.salcininkai.lm.lt\/?page_id=9871\">Skaitykite toliau <span class=\"meta-nav\">&rarr;<\/span><\/a><\/p>\n","protected":false},"author":5,"featured_media":0,"parent":0,"menu_order":0,"comment_status":"closed","ping_status":"closed","template":"","meta":{"ngg_post_thumbnail":0,"footnotes":""},"class_list":["post-9871","page","type-page","status-publish","hentry"],"_links":{"self":[{"href":"http:\/\/www.jasiunupagrindine.salcininkai.lm.lt\/index.php?rest_route=\/wp\/v2\/pages\/9871","targetHints":{"allow":["GET"]}}],"collection":[{"href":"http:\/\/www.jasiunupagrindine.salcininkai.lm.lt\/index.php?rest_route=\/wp\/v2\/pages"}],"about":[{"href":"http:\/\/www.jasiunupagrindine.salcininkai.lm.lt\/index.php?rest_route=\/wp\/v2\/types\/page"}],"author":[{"embeddable":true,"href":"http:\/\/www.jasiunupagrindine.salcininkai.lm.lt\/index.php?rest_route=\/wp\/v2\/users\/5"}],"replies":[{"embeddable":true,"href":"http:\/\/www.jasiunupagrindine.salcininkai.lm.lt\/index.php?rest_route=%2Fwp%2Fv2%2Fcomments&post=9871"}],"version-history":[{"count":9,"href":"http:\/\/www.jasiunupagrindine.salcininkai.lm.lt\/index.php?rest_route=\/wp\/v2\/pages\/9871\/revisions"}],"predecessor-version":[{"id":23261,"href":"http:\/\/www.jasiunupagrindine.salcininkai.lm.lt\/index.php?rest_route=\/wp\/v2\/pages\/9871\/revisions\/23261"}],"wp:attachment":[{"href":"http:\/\/www.jasiunupagrindine.salcininkai.lm.lt\/index.php?rest_route=%2Fwp%2Fv2%2Fmedia&parent=9871"}],"curies":[{"name":"wp","href":"https:\/\/api.w.org\/{rel}","templated":true}]}}