{"id":9958,"date":"2020-11-17T16:19:47","date_gmt":"2020-11-17T14:19:47","guid":{"rendered":"http:\/\/www.jasiunupagrindine.salcininkai.lm.lt\/?page_id=9958"},"modified":"2021-02-15T14:33:49","modified_gmt":"2021-02-15T12:33:49","slug":"programos","status":"publish","type":"page","link":"http:\/\/www.jasiunupagrindine.salcininkai.lm.lt\/?page_id=9958","title":{"rendered":"Programos"},"content":{"rendered":"<p><span style=\"font-family: 'times new roman', times, serif; font-size: 12pt;\"><b><img loading=\"lazy\" decoding=\"async\" class=\"wp-image-7147 alignleft\" src=\"http:\/\/www.jasiunupagrindine.salcininkai.lm.lt\/wp-content\/uploads\/2019\/10\/Olweus-logo-LT-300x130.png\" alt=\"\" width=\"215\" height=\"93\" srcset=\"http:\/\/www.jasiunupagrindine.salcininkai.lm.lt\/wp-content\/uploads\/2019\/10\/Olweus-logo-LT-300x130.png 300w, http:\/\/www.jasiunupagrindine.salcininkai.lm.lt\/wp-content\/uploads\/2019\/10\/Olweus-logo-LT-150x65.png 150w, http:\/\/www.jasiunupagrindine.salcininkai.lm.lt\/wp-content\/uploads\/2019\/10\/Olweus-logo-LT.png 390w\" sizes=\"auto, (max-width: 215px) 100vw, 215px\" \/><\/b><\/span><\/p>\n<p>&nbsp;<\/p>\n<p>&nbsp;<\/p>\n<p><span style=\"color: #000000;\">M\u016bs\u0173 mokykla nuo 2018 m. vykd\u0117 Olweus paty\u010di\u0173 prevencijos program\u0105, o nuo 2020 m. programos kokyb\u0117s u\u017etikrinimo sistem\u0105(OPKUS), veiklos bus t\u0119siamos iki 2020-2021 m.m. pabaigos.<\/span><\/p>\n<p><a href=\"http:\/\/www.jasiunupagrindine.salcininkai.lm.lt\/wp-content\/uploads\/2020\/11\/OPKus.pdf\">OLWEUS programos kokyb\u0117s u\u017etikrinimo sistemos(OPKUS) planas<\/a><\/p>\n<p>&nbsp;<\/p>\n<p style=\"text-align: center;\"><strong><span style=\"font-family: 'times new roman', times, serif; font-size: 12pt;\">Prevencin\u0117 program\u0105 \u201eGyvai\u201c<img loading=\"lazy\" decoding=\"async\" class=\"size-full wp-image-10585 alignright\" src=\"http:\/\/www.jasiunupagrindine.salcininkai.lm.lt\/wp-content\/uploads\/2021\/02\/download-3.jpg\" alt=\"\" width=\"224\" height=\"225\" srcset=\"http:\/\/www.jasiunupagrindine.salcininkai.lm.lt\/wp-content\/uploads\/2021\/02\/download-3.jpg 224w, http:\/\/www.jasiunupagrindine.salcininkai.lm.lt\/wp-content\/uploads\/2021\/02\/download-3-150x150.jpg 150w\" sizes=\"auto, (max-width: 224px) 100vw, 224px\" \/><\/span><\/strong><\/p>\n<p style=\"text-align: justify;\"><span style=\"font-family: 'times new roman', times, serif; font-size: 12pt;\">&nbsp;Programa \u201eGyvai\u201c yra&nbsp; psichoaktyvi\u0173 med\u017eiag\u0173 vartojimo prevencijos programa, kurios pagrindinis tikslas \u2013 suteikti vaikams gyvenimo \u012fg\u016bd\u017ei\u0173, reikaling\u0173 sveikai gyventi ir neprad\u0117ti vartoti tabako, alkoholio ir narkotik\u0173.<\/span><\/p>\n<p style=\"text-align: justify;\"><span style=\"font-family: 'times new roman', times, serif; font-size: 12pt;\">Programos \u201eGyvai\u201c u\u017esi\u0117mimuose ne tik suteikiama informacija apie psichik\u0105 veikian\u010di\u0173 med\u017eiag\u0173 vartojimo \u017eal\u0105, bet ir ugdomi vaik\u0173 gyvenimo \u012fg\u016bd\u017eiai. Vaikai mokosi bendrauti, kriti\u0161kai ir k\u016brybi\u0161kai m\u0105styti, apginti savo nuomon\u0119, atpa\u017einti bendraam\u017ei\u0173 \u012ftak\u0105, supa\u017eindinami su alkoholio, tabako ir narkotik\u0173 keliama \u017eala.<\/span><\/p>\n<p style=\"text-align: justify;\">&nbsp;<\/p>\n<h1 style=\"text-align: center;\"><span style=\"font-family: 'times new roman', times, serif; font-size: 12pt;\"><img loading=\"lazy\" decoding=\"async\" class=\"size-medium wp-image-10543 alignleft\" src=\"http:\/\/www.jasiunupagrindine.salcininkai.lm.lt\/wp-content\/uploads\/2021\/02\/logo_hero-231x300.png\" alt=\"\" width=\"231\" height=\"300\"><strong>Vaisi\u0173 ir dar\u017eovi\u0173 bei pieno ir pieno produkt\u0173 vartojimo skatinimo programa<\/strong><\/span><\/h1>\n<p style=\"text-align: justify;\"><span style=\"font-family: 'times new roman', times, serif; font-size: 12pt;\">Mokykla dalyvauja &#8222;Vaisi\u0173 ir dar\u017eovi\u0173 bei pieno ir pieno produkt\u0173 vartojimo skatinimo vaik\u0173 ugdymo \u012fstaigose&#8221; programoje.<\/span><\/p>\n<p style=\"text-align: justify;\"><span style=\"font-family: 'times new roman', times, serif; font-size: 12pt;\"><strong>Programos tikslai:<\/strong><\/span><\/p>\n<ul style=\"text-align: justify;\">\n<li><span style=\"font-family: 'times new roman', times, serif; font-size: 12pt;\">padidinti suvartojam\u0173 vaisi\u0173 ir dar\u017eovi\u0173 bei pieno ir pieno gamini\u0173 dal\u012f vaik\u0173 mityboje;<\/span><\/li>\n<li><span style=\"font-family: 'times new roman', times, serif; font-size: 12pt;\">diegti vaikams supratim\u0105 apie vaisi\u0173 ir dar\u017eovi\u0173 bei pieno ir pieno gamini\u0173 vartojimo teigiam\u0105 poveik\u012f sveikatai.<\/span><\/li>\n<\/ul>\n<p style=\"text-align: justify;\"><span style=\"font-family: 'times new roman', times, serif; font-size: 12pt;\">Pagal program\u0105 vaikams yra tiekiami ekologi\u0161ki arba pagal nacionalin\u0119 \u017eem\u0117s \u016bkio ir maisto kokyb\u0117s sistem\u0105 i\u0161auginti (pagaminti) produktai: obuoliai, morkos, kriau\u0161\u0117s, obuoli\u0173 sultys ir pieno gaminiai &#8211; geriamasis pienas, jogurtas bei \u0161vie\u017eias ir brandintas s\u016bris.<\/span><\/p>\n<p style=\"text-align: justify;\">&nbsp;<\/p>\n","protected":false},"excerpt":{"rendered":"<p>&nbsp; &nbsp; M\u016bs\u0173 mokykla nuo 2018 m. vykd\u0117 Olweus paty\u010di\u0173 prevencijos program\u0105, o nuo 2020 m. programos kokyb\u0117s u\u017etikrinimo sistem\u0105(OPKUS), veiklos bus t\u0119siamos iki 2020-2021 m.m. pabaigos. OLWEUS programos kokyb\u0117s u\u017etikrinimo sistemos(OPKUS) planas &nbsp; Prevencin\u0117 program\u0105 \u201eGyvai\u201c &nbsp;Programa \u201eGyvai\u201c yra&nbsp; &hellip; <a href=\"http:\/\/www.jasiunupagrindine.salcininkai.lm.lt\/?page_id=9958\">Skaitykite toliau <span class=\"meta-nav\">&rarr;<\/span><\/a><\/p>\n","protected":false},"author":5,"featured_media":0,"parent":0,"menu_order":0,"comment_status":"closed","ping_status":"closed","template":"","meta":{"ngg_post_thumbnail":0,"footnotes":""},"class_list":["post-9958","page","type-page","status-publish","hentry"],"_links":{"self":[{"href":"http:\/\/www.jasiunupagrindine.salcininkai.lm.lt\/index.php?rest_route=\/wp\/v2\/pages\/9958","targetHints":{"allow":["GET"]}}],"collection":[{"href":"http:\/\/www.jasiunupagrindine.salcininkai.lm.lt\/index.php?rest_route=\/wp\/v2\/pages"}],"about":[{"href":"http:\/\/www.jasiunupagrindine.salcininkai.lm.lt\/index.php?rest_route=\/wp\/v2\/types\/page"}],"author":[{"embeddable":true,"href":"http:\/\/www.jasiunupagrindine.salcininkai.lm.lt\/index.php?rest_route=\/wp\/v2\/users\/5"}],"replies":[{"embeddable":true,"href":"http:\/\/www.jasiunupagrindine.salcininkai.lm.lt\/index.php?rest_route=%2Fwp%2Fv2%2Fcomments&post=9958"}],"version-history":[{"count":4,"href":"http:\/\/www.jasiunupagrindine.salcininkai.lm.lt\/index.php?rest_route=\/wp\/v2\/pages\/9958\/revisions"}],"predecessor-version":[{"id":10586,"href":"http:\/\/www.jasiunupagrindine.salcininkai.lm.lt\/index.php?rest_route=\/wp\/v2\/pages\/9958\/revisions\/10586"}],"wp:attachment":[{"href":"http:\/\/www.jasiunupagrindine.salcininkai.lm.lt\/index.php?rest_route=%2Fwp%2Fv2%2Fmedia&parent=9958"}],"curies":[{"name":"wp","href":"https:\/\/api.w.org\/{rel}","templated":true}]}}